pose x = -4*x + 20. Let g(l) = 4 + l**2 + 13*l + 2*l**2 - x*l**2 + 0*l**2. Let d be g(13). Calculate the greatest common factor of 32 and d.
4
Suppose -3*m + w = -42, 3*m - 4*w = -6*w + 33. What is the greatest common divisor of m and 208?
13
Suppose 7*m = -82 + 313. Let z = 93 - m. What is the highest common divisor of 20 and z?
20
Let f be 12/(-2) - 0 - 4675/(-275). Let p = 189 - 68. Let k be (1 - 0)*(p - 0). What is the highest common divisor of k and f?
11
Let l be -2 - 1 - -6 - -75. Suppose l = 4*q + 30. Let g be (-244 + 1 + 3)*(-6)/15. What is the greatest common divisor of g and q?
12
Let z(c) = -c**2 + 73*c - 95. Let u be z(49). What is the highest common factor of u and 47?
47
Let n(g) = -g**2 - 3*g + 3. Let j be n(-3). Suppose j*a + 124 = -11. Let b be (-2)/(-10) + (-396)/a. Calculate the highest common factor of b and 99.
9
Suppose -5*t + 21 = 3*r, 5*t - 14 = t - r. Let g be (t + -2)*4 + 60/5. Calculate the greatest common divisor of 208 and g.
16
Let y(a) = -8*a - 1 + 22*a - 16*a + a**2. Let d be y(-5). Calculate the highest common divisor of d and 17.
17
Suppose -5*g + 4*d = -31, -5 = -g + 6*g + 5*d. Suppose 36 = g*v + 3*j, -2*v + 5*j = -0*j - 38. What is the greatest common factor of v and 56?
14
Let s = -41 + 48. Calculate the highest common factor of 56 and s.
7
Let f be 30/(-4)*((-84)/10 + -6). Calculate the greatest common factor of f and 12.
12
Suppose -1020 = 8*b - 1244. Calculate the greatest common factor of b and 36.
4
Suppose 405 = 1228*i - 1223*i. What is the highest common divisor of 270 and i?
27
Let k be (-144)/(-5)*10/2. Let t = -152 + 164. Suppose 0 = -2*p + 24 + t. What is the highest common factor of p and k?
18
Suppose 107 = 4*m - 69. Let z be ((-32)/10)/((-4)/(-190)). Let d = 218 + z. What is the greatest common factor of d and m?
22
Let p(u) = u**3 + 11*u**2 + 15*u + 60. Let j be p(-6). What is the greatest common divisor of j and 18?
6
Suppose -5*c - 793 = -2*b + 383, -4*c = -4*b + 2352. Suppose -2*a = 2*a - b. Suppose -2*q - a = -5*q. Calculate the highest common factor of q and 7.
7
Let z(g) = -g + g**2 + 0*g**2 + 2 + g. Let j be z(3). Let f be 178/j - (-4)/(-22). What is the greatest common factor of f and 64?
16
Suppose 1 = -b, -5*d - 10 = -4*b + 31. Let x be 6/d*243/(-6). What is the highest common divisor of x and 18?
9
Let u = -79 + 73. Let r be (-4)/(-6) + u + 462/9. Calculate the greatest common factor of 184 and r.
46
Let u(s) = s**2 - 6*s + 7. Let o be u(11). Let f = 65 - o. What is the greatest common divisor of f and 15?
3
Suppose 10 = -4*m + 5*j, 5*m - 3*j = 3*m - 6. Suppose m*c + 4*c - 72 = -z, 0 = -5*z. Calculate the highest common divisor of c and 45.
9
Let d(f) = 3*f**2 - 48*f - 240. Let n be d(-6). What is the greatest common divisor of 12 and n?
12
Suppose -t = 51*c - 46*c - 303, -5*c - 849 = -3*t. Calculate the greatest common factor of 32 and t.
32
Let h(w) = -566*w - 83. Let f be h(-3). What is the greatest common factor of 19 and f?
19
Let c(t) = -6*t**2 + 99*t - 121. Let w be c(15). What is the highest common divisor of 259 and w?
7
Suppose -17*l = -18*l - 65. Let n = 91 + l. Calculate the highest common factor of n and 52.
26
Suppose -152 = -23*d + 21*d. Calculate the highest common factor of d and 190.
38
Suppose 0 = -d + 381 + 45. Let x be (-10)/50 - d/(-5). What is the greatest common factor of x and 17?
17
Suppose 0 = -3*q + d + 36, 32 = 5*q - 4*d - 35. Suppose -q*u + 156 = -8*u. Calculate the greatest common factor of u and 13.
13
Let c(m) = 6*m**2 + 2*m - 4. Let s be c(3). Let b(g) = g**3 + 3*g**2 - 13*g - 20. Let i be b(-4). Calculate the greatest common factor of s and i.
8
Let l = -7 - 2. Let u = 55 + l. What is the highest common divisor of 368 and u?
46
Suppose -5*h + 233 = -842. Suppose -4*a = 4*v + a - 181, 5*v = 5*a + h. Calculate the highest common divisor of 11 and v.
11
Suppose 10*v - 4 - 16 = 0. Suppose -3*m = -3*n + 36, -3*n + 6*n + v*m = 56. What is the highest common factor of 4 and n?
4
Suppose -5*h + 4*x = -4*h + 7, -h + x = -8. Let j be -2*3 + 3 + 16. What is the greatest common divisor of j and h?
13
Suppose 16*g = 36*g - 800. Suppose -4*v - 188 = -3*i, i = 3*i - 5*v - 130. Calculate the highest common divisor of g and i.
20
Let n(b) = -55*b - 18. Let i be n(-4). Let c = i + -26. Calculate the greatest common factor of c and 16.
16
Suppose -19*g + 1881 + 2926 = 0. What is the highest common factor of 391 and g?
23
Let m(y) = -y**3 - 5*y**2 + 34*y - 14. Let p be m(-9). What is the greatest common divisor of p and 1?
1
Suppose 0*b + t + 76 = 2*b, 0 = 3*b + t - 124. Suppose v = 3*v - b. Let w be (-154)/(-10) - 8/v. Calculate the greatest common factor of 10 and w.
5
Let h = 34 + -30. Let j = 29 + h. Let m = 29 - 18. Calculate the greatest common factor of j and m.
11
Suppose 26*a - 28*a + 96 = 2*y, -2*a - 174 = -4*y. Calculate the highest common divisor of y and 495.
45
Suppose -9*h + 15*h - 54 = 0. Let m = h + 13. Calculate the highest common factor of 11 and m.
11
Let r be 1/1 + 0 + 79. Suppose 75*b - 178 = 572. What is the greatest common factor of r and b?
10
Suppose 48*t = 52*t - 4464. What is the greatest common factor of 36 and t?
36
Let r(w) = -11*w - 1. Let k = -11 - -10. Let u be r(k). Suppose -2*c + 5*z + u = -0*c, -5*z + 25 = 5*c. What is the highest common divisor of 1 and c?
1
Suppose 3*x = 4*u + 103, -297*u + 301*u = 2*x - 70. Suppose -2*g - 2*m + 188 = -6, -206 = -2*g + 4*m. What is the highest common factor of x and g?
33
Suppose w + w - 4 = 4*d, -5*d - 6 = -3*w. Suppose w*r + 4*f = 20, -2*f + 39 = 5*r - 35. Let a = 20 - r. Calculate the greatest common factor of 12 and a.
4
Let n = 1538 - 1186. Calculate the highest common divisor of n and 11.
11
Let s(g) = -152*g - 9. Let w be s(-2). Suppose 0 = 10*k - 175 - w. What is the highest common divisor of k and 329?
47
Let x be (3 + -4 + 0)*-8. What is the highest common factor of x and 56?
8
Let p be 7/((-63)/(-48))*126/3. What is the greatest common divisor of 42 and p?
14
Suppose -4*u + 27 = -u. Let w be (-3)/(-9) - 30/u. Let y be 19*(4 + w) + 1. What is the greatest common factor of y and 10?
10
Let q be 583 + -3 + -4 + 4. Suppose 0 = -5*j - 140 - q. Let f be (9/12)/((-4)/j). Calculate the highest common divisor of f and 9.
9
Let c = 103 - 90. Suppose c*l - 1591 = 3609. What is the highest common factor of 50 and l?
50
Let o = -32 + 33. Let c be o*-8*75/(-60). Let f be 1 + -2 + c - -3. Calculate the greatest common factor of 3 and f.
3
Let a be -20*(15/(-35))/((-2)/(-7)). Let f(l) = -10*l + 10. Let z be f(-11). What is the greatest common factor of z and a?
30
Let i = 795 + -757. Calculate the greatest common divisor of i and 475.
19
Suppose 12 = 3*g + 3*c, -5*g = -3*c - 6 - 14. Let k be (-2)/(-3 + g/4). What is the highest common factor of 3 and k?
1
Suppose 4*v + 0*v + 3*a = 56, -2*a = 3*v - 41. Suppose -v*s - 612 = -15*s. What is the highest common factor of 17 and s?
17
Let s be (236292/(-30))/(-7) + (-1)/5. What is the highest common divisor of s and 135?
45
Let l(x) be the second derivative of -x**3/3 + 37*x**2/2 - 6*x. Let m be l(11). Calculate the greatest common factor of 60 and m.
15
Let c be 3/(3/2) + -6. Let h = c + 9. Suppose 34*u + 67056 - 67090 = 0. What is the highest common factor of u and h?
1
Let r be (0 - (-2)/2)/(1/12). Calculate the greatest common factor of 9 and r.
3
Suppose -1002 + 1461 = 3*w. What is the greatest common divisor of w and 255?
51
Suppose -768 + 37 = -17*b. What is the highest common divisor of 215 and b?
43
Let c be (13 - -1)*(-21)/28*-6. Calculate the greatest common divisor of c and 72.
9
Let o = 52 - 37. Let g(x) = -2*x**2 + 4*x - 5. Let f be g(-7). Let r = -86 - f. Calculate the highest common factor of r and o.
15
Let v(d) = 88*d**2 + 4*d + 1. Let k be v(-2). Suppose -3*m = -0*m - k. Calculate the greatest common divisor of 46 and m.
23
Suppose 240 = 43*v - 37*v. Calculate the greatest common factor of v and 36.
4
Suppose -5*p = -4*a + 55, 0*p + 35 = 2*a - p. Calculate the highest common factor of a and 340.
20
Let i be -4 + (54 - (-32)/8). Let p(d) = -d**2 + d + 6. Let v be p(0). What is the greatest common divisor of i and v?
6
Suppose 0*p + 7 = p. Let v = 3 + p. Calculate the highest common divisor of 10 and v.
10
Let x(v) = v**3 - 10*v**2 + 